the remainder when 2755 is divided by 212?
211
What is the remainder when 2477 is divided by 31?
28
Calculate the remainder when 45 is divided by 12.
9
Calculate the remainder when 776 is divided by 52.
48
What is the remainder when 23 is divided by 9?
5
Calculate the remainder when 3504 is divided by 195.
189
What is the remainder when 1650 is divided by 49?
33
What is the remainder when 1338 is divided by 22?
18
What is the remainder when 302 is divided by 38?
36
Calculate the remainder when 62 is divided by 5.
2
What is the remainder when 369 is divided by 112?
33
What is the remainder when 391 is divided by 28?
27
What is the remainder when 947 is divided by 61?
32
What is the remainder when 698 is divided by 125?
73
Calculate the remainder when 403 is divided by 43.
16
Calculate the remainder when 597 is divided by 10.
7
Calculate the remainder when 308 is divided by 45.
38
Calculate the remainder when 193 is divided by 51.
40
Calculate the remainder when 788 is divided by 7.
4
Calculate the remainder when 89 is divided by 13.
11
What is the remainder when 509 is divided by 63?
5
Calculate the remainder when 525 is divided by 255.
15
What is the remainder when 477 is divided by 121?
114
What is the remainder when 416 is divided by 20?
16
What is the remainder when 328 is divided by 22?
20
Calculate the remainder when 234 is divided by 107.
20
What is the remainder when 1965 is divided by 486?
21
What is the remainder when 909 is divided by 25?
9
Calculate the remainder when 239 is divided by 71.
26
What is the remainder when 46 is divided by 19?
8
What is the remainder when 539 is divided by 27?
26
Calculate the remainder when 201 is divided by 12.
9
What is the remainder when 307 is divided by 247?
60
What is the remainder when 7261 is divided by 62?
7
What is the remainder when 259 is divided by 11?
6
What is the remainder when 443 is divided by 425?
18
Calculate the remainder when 2883 is divided by 17.
10
Calculate the remainder when 1143 is divided by 374.
21
What is the remainder when 127 is divided by 22?
17
Calculate the remainder when 59 is divided by 24.
11
Calculate the remainder when 62 is divided by 39.
23
What is the remainder when 2392 is divided by 38?
36
What is the remainder when 188 is divided by 10?
8
Calculate the remainder when 861 is divided by 11.
3
Calculate the remainder when 1374 is divided by 132.
54
Calculate the remainder when 30 is divided by 16.
14
What is the remainder when 734 is divided by 375?
359
What is the remainder when 3238 is divided by 45?
43
What is the remainder when 114 is divided by 39?
36
What is the remainder when 7104 is divided by 254?
246
What is the remainder when 2168 is divided by 1084?
0
What is the remainder when 5930 is divided by 16?
10
What is the remainder when 125 is divided by 65?
60
Calculate the remainder when 429 is divided by 4.
1
What is the remainder when 27839 is divided by 174?
173
Calculate the remainder when 8530 is divided by 161.
158
What is the remainder when 480 is divided by 53?
3
Calculate the remainder when 276 is divided by 93.
90
Calculate the remainder when 49 is divided by 9.
4
What is the remainder when 726 is divided by 26?
24
What is the remainder when 5804 is divided by 12?
8
Calculate the remainder when 143 is divided by 16.
15
What is the remainder when 167 is divided by 110?
57
What is the remainder when 287 is divided by 32?
31
Calculate the remainder when 8993 is divided by 22.
17
Calculate the remainder when 20 is divided by 9.
2
What is the remainder when 2587 is divided by 644?
11
What is the remainder when 1372 is divided by 136?
12
What is the remainder when 680 is divided by 31?
29
What is the remainder when 988 is divided by 99?
97
Calculate the remainder when 36 is divided by 10.
6
Calculate the remainder when 453 is divided by 257.
196
Calculate the remainder when 1303 is divided by 431.
10
Calculate the remainder when 40 is divided by 15.
10
What is the remainder when 539 is divided by 60?
59
What is the remainder when 1099 is divided by 536?
27
Calculate the remainder when 706 is divided by 297.
112
What is the remainder when 5339 is divided by 89?
88
What is the remainder when 723 is divided by 25?
23
What is the remainder when 83 is divided by 35?
13
Calculate the remainder when 1405 is divided by 464.
13
What is the remainder when 2428 is divided by 10?
8
Calculate the remainder when 38 is divided by 29.
9
Calculate the remainder when 2471 is divided by 15.
11
What is the remainder when 689 is divided by 6?
5
What is the remainder when 1709 is divided by 291?
254
What is the remainder when 605 is divided by 183?
56
Calculate the remainder when 7478 is divided by 34.
32
Calculate the remainder when 55 is divided by 14.
13
Calculate the remainder when 110 is divided by 99.
11
What is the remainder when 4296 is divided by 50?
46
Calculate the remainder when 398 is divided by 52.
34
Calculate the remainder when 8281 is divided by 2069.
5
What is the remainder when 314 is divided by 19?
10
Calculate the remainder when 2656 is divided by 528.
16
What is the remainder when 864 is divided by 34?
14
Calculate the remainder when 1784 is divided by 38.
36
Calculate the remainder when 271 is divided by 75.
46
What is the remainder when 104 is divided by 40?
24
What is the remainder when 984 is divided by 243?
12
Calculate the remainder when 568 is divided by 34.
24
Calculate the remainder when 1979 is divided by 18.
17
Calculate the remainder when 1227 is divided by 607.
13
Calculate the remainder when 176 is divided by 30.
26
Calculate the remainder when 3412 is divided by 67.
62
Calculate the remainder when 10542 is divided by 16.
14
Calculate the remainder when 80 is divided by 22.
14
What is the remainder when 13859 is divided by 70?
69
Calculate the remainder when 1761 is divided by 587.
0
Calculate the remainder when 522 is divided by 25.
22
Calculate the remainder when 492 is divided by 34.
16
What is the remainder when 22 is divided by 15?
7
Calculate the remainder when 157 is divided by 82.
75
Calculate the remainder when 3561 is divided by 26.
25
What is the remainder when 135 is divided by 46?
43
Calculate the remainder when 110 is divided by 39.
32
What is the remainder when 2708 is divided by 21?
20
What is the remainder when 1150 is divided by 30?
10
Calculate the remainder when 210 is divided by 15.
0
Calculate the remainder when 1224 is divided by 56.
48
What is the remainder when 476 is divided by 289?
187
What is the remainder when 217 is divided by 13?
9
What is the remainder when 2794 is divided by 12?
10
Calculate the remainder when 22 is divided by 15.
7
What is the remainder when 106 is divided by 40?
26
What is the remainder when 3147 is divided by 3?
0
What is the remainder when 1838 is divided by 259?
25
What is the remainder when 1139 is divided by 368?
35
Calculate the remainder when 39 is divided by 29.
10
Calculate the remainder when 100 is divided by 28.
16
Calculate the remainder when 138 is divided by 28.
26
Calculate the remainder when 909 is divided by 870.
39
Calculate the remainder when 9913 is divided by 74.
71
Calculate the remainder when 785 is divided by 3.
2
What is the remainder when 33 is divided by 22?
11
What is the remainder when 60 is divided by 41?
19
Calculate the remainder when 79 is divided by 24.
7
What is the remainder when 502 is divided by 56?
54
What is the remainder when 1511 is divided by 12?
11
Calculate the remainder when 260 is divided by 34.
22
Calculate the remainder when 226 is divided by 113.
0
Calculate the remainder when 79 is divided by 60.
19
Calculate the remainder when 2646 is divided by 438.
18
What is the remainder when 358 is divided by 116?
10
Calculate the remainder when 10618 is divided by 36.
34
Calculate the remainder when 370 is divided by 93.
91
Calculate the remainder when 3648 is divided by 146.
144
What is the remainder when 1090 is divided by 39?
37
Calculate the remainder when 38 is divided by 21.
17
What is the remainder when 29097 is divided by 20?
17
Calculate the remainder when 1356 is divided by 383.
207
Calculate the remainder when 316 is divided by 40.
36
Calculate the remainder when 4211 is divided by 162.
161
Calculate the remainder when 96 is di